e 2) in base 14?
c9981a
Convert 98062 (base 10) to base 6.
2033554
Convert -241103230 (base 6) to base 7.
-53353041
Convert 1cc04b (base 14) to base 8.
3737203
Convert -62d6dc (base 15) to base 10.
-4702932
Convert 747b97 (base 12) to base 10.
1838563
What is 221130001 (base 4) in base 16?
29701
Convert -12242041 (base 6) to base 14.
-a3a65
Convert 2141004231 (base 5) to base 11.
267a290
What is -991940 (base 11) in base 15?
-214397
-271c2 (base 14) to base 13
-34b5b
Convert 2213110130 (base 4) to base 16.
a751c
6367527 (base 10) to base 14
bba755
Convert -132211210 (base 6) to base 4.
-22002003312
Convert 70821 (base 11) to base 7.
610454
What is fd04 (base 16) in base 12?
31598
-1232120212 (base 4) to base 11
-289771
Convert 25d94d (base 16) to base 6.
125055341
What is 2526221 (base 7) in base 11?
203182
-362029 (base 11) to base 6
-20143552
What is 3310011 (base 5) in base 8?
157061
1639548 (base 10) to base 9
3068030
-2c27b3 (base 13) to base 6
-35215041
What is 3242211 (base 5) in base 8?
155173
257668 (base 15) to base 13
4abbaa
-7c5a (base 16) to base 4
-13301122
Convert 587e (base 16) to base 7.
123022
What is -577471 (base 9) in base 6?
-11232531
-102000120202 (base 3) to base 14
-590b8
-21221110102 (base 3) to base 10
-156341
What is 132130200 (base 4) in base 3?
20100001200
Convert 4111b1 (base 12) to base 13.
298510
What is -152005 (base 8) in base 2?
-1101010000000101
What is -1010220012 (base 3) in base 12?
-1104b
-6355330 (base 7) to base 14
-160987
4433442224 (base 5) to base 9
20170802
What is -2431142 (base 5) in base 13?
-17acb
What is -122588 (base 9) in base 13?
-27971
What is -232331232330 (base 4) in base 7?
-206434353
What is 100022202212200 (base 3) in base 16?
4b9e04
Convert 2333040 (base 5) to base 8.
123617
135570 (base 8) to base 9
72744
What is -2c4a40 (base 13) in base 3?
-2001200012222
Convert 603137 (base 11) to base 9.
1738188
Convert -14243056 (base 7) to base 16.
-146c3b
What is -1560521 (base 10) in base 11?
-976496
827670 (base 10) to base 14
1778b4
Convert 2a489 (base 13) to base 2.
10011100000001001
4641b2 (base 12) to base 13
305c33
-245234 (base 7) to base 13
-1767b
-10121441 (base 5) to base 6
-1435030
What is -11100011101001100 (base 2) in base 9?
-186786
Convert 516c19 (base 15) to base 16.
3b0f0a
-62b7a5 (base 13) to base 6
-121304045
-1011111111011101111 (base 2) to base 4
-1133323233
Convert 456a4 (base 11) to base 14.
1a107
11303233 (base 4) to base 9
35564
What is -3523416 (base 7) in base 10?
-443022
-200120013 (base 4) to base 8
-403007
What is 123001320 (base 4) in base 7?
640530
Convert 283436 (base 12) to base 14.
135d10
What is -31201011 (base 5) in base 14?
-6960d
What is b949 (base 15) in base 13?
14b0b
100011010010100100011 (base 2) to base 3
2011202021011
-423376 (base 9) to base 5
-31024232
What is 595063 (base 10) in base 15?
bb4ad
What is 2323131 (base 4) in base 3?
121110100
Convert -1126023 (base 7) to base 5.
-14010313
11001010001110001111011 (base 2) to base 5
3144021202
-1112012121 (base 3) to base 10
-30040
Convert 10110101112020 (base 3) to base 14.
35bc77
What is -110011111221 (base 3) in base 15?
-4ae5d
What is -21625172 (base 8) in base 2?
-10001110010101001111010
Convert -134544 (base 8) to base 15.
-e0e0
-329b1 (base 12) to base 8
-203025
What is 1155246 (base 9) in base 2?
10011001000111001000
Convert -101110011100011010111 (base 2) to base 10.
-1521879
Convert 140441222 (base 5) to base 7.
6051130
What is 410066 (base 9) in base 11?
156483
23646126 (base 7) to base 9
3868850
Convert -19718a (base 15) to base 12.
-4b9004
255ae7 (base 15) to base 5
424304332
1647604 (base 9) to base 10
917572
Convert 13c2b (base 15) to base 6.
1205535
Convert -135121251 (base 6) to base 8.
-12425177
What is -30310100 (base 6) in base 13?
-243627
What is -1138687 (base 10) in base 11?
-708570
-911436 (base 11) to base 7
-15313630
-1716611 (base 9) to base 4
-3221130313
Convert 6650a0 (base 11) to base 10.
1060917
-21001020020 (base 3) to base 5
-13414203
What is 1302012221 (base 4) in base 3?
212202002222
211824 (base 15) to base 13
43190b
What is 3166654 (base 10) in base 13?
86b47a
Convert 43323113 (base 5) to base 2.
1011010011011101000
What is -200222323100 (base 4) in base 8?
-40527320
591463 (base 10) to base 12
246347
Convert -296a67 (base 14) to base 9.
-2634156
-110010100100110010 (base 2) to base 15
-415a4
Convert -3030201132 (base 4) to base 3.
-1120120010220
Convert 275850 (base 15) to base 7.
22036446
Convert 20022010001 (base 3) to base 14.
332a0
Convert -9a1b1 (base 13) to base 6.
-5553112
What is -22122211001 (base 3) in base 4?
-221213110
What is 1011120011022 (base 3) in base 9?
1146138
What is 556057 (base 10) in base 9?
1036681
-367470 (base 8) to base 15
-2786b
Convert -b23511 (base 15) to base 12.
-2a03121
What is -713674 (base 9) in base 16?
-672f4
What is 1134455022 (base 6) in base 12?
4364472
Convert 116225 (base 10) to base 15.
24685
Convert -c6a3cd (base 14) to base 4.
-121212310101
What is -9b1d (base 16) in base 7?
-223525
-3872 (base 11) to base 15
-1760
352024 (base 6) to base 3
1112111121
-130222312 (base 4) to base 5
-12224210
Convert 11001001100010100000 (base 2) to base 4.
3021202200
Convert -3135511 (base 6) to base 12.
-74597
Convert 223433313 (base 5) to base 13.
28ca62
Convert -216602 (base 7) to base 3.
-1221122002
Convert 304423 (base 7) to base 3.
2122100011
What is 5542015 (base 6) in base 13?
99593
What is -2b40b5 (base 12) in base 5?
-141422214
-1112102012222 (base 3) to base 11
-507506
-912376 (base 11) to base 7
-15320401
Convert -10000010011100110010 (base 2) to base 14.
-dca1c
What is 103010332311 (base 4) in base 5?
2240014031
Convert e15a9 (base 15) to base 9.
1306546
-12114313 (base 5) to base 13
-3c9aa
-12a9235 (base 12) to base 6
-211241305
What is -74dd7 (base 14) in base 7?
-2254660
1430135 (base 8) to base 5
100434342
Convert cccb6 (base 16) to base 15.
118828
What is 1a8a0 (base 11) in base 2?
111000101100101
Convert -32203003 (base 7) to base 12.
-b01b91
d603 (base 14) to base 4
20333303
224040314 (base 5) to base 7
11343662
What is 153c18 (base 15) in base 10?
1025348
Convert 20100002012012 (base 3) to base 7.
40423316
Convert 1101100001100101101 (base 2) to base 10.
443181
Convert 14110567 (base 9) to base 14.
cd7ba9
224034424 (base 5) to base 7
11343465
4542522 (base 6) to base 14
60426
What is 12303303202 (base 4) in base 3?
10100200122021
170446 (base 10) to base 5
20423241
Convert -285547 (base 9) to base 5.
-21042204
Convert -13663277 (base 8) to base 11.
-1831a57
Convert 56276 (base 8) to base 6.
301530
-44205314 (base 6) to base 12
-53983a
Convert -1b498 (base 15) to base 8.
-255331
What is 153084 (base 9) in base 10?
94117
What is -260847 (base 9) in base 2?
-100110100111001011
803c9 (base 14) to base 8
1131575
Convert -104125051 (base 6) to base 15.
-271564
-1123023300 (base 5) to base 2
-1001101110001101011111
-100111111001011001011010 (base 2) to base 13
-22225b6
16237303 (base 10) to base 7
255005035
-194619 (base 10) to base 2
-101111100000111011
What is -3c965 (base 13) in base 11?
-7842a
What is 318d5 (base 14) in base 7?
1006055
What is -844082 (base 12) in base 7?
-23453630
Convert -4323435 (base 10) to base 16.
-41f86b
-20587 (base 12) to base 8
-122467
What is -100161311 (base 7) in base 6?
-324123412
What is 10043122414 (base 5) in base 3?
201001122101100
What is -1784533 (base 10) in base 7?
-21111502
Convert -11de52 (base 16) to base 9.
-2174310
3456717 (base 9) to base 12
761221
Convert -20255314 (base 6) to base 4.
-2032112332
What is -13131231031 (base 4) in base 15?
-289b5a
-ff84 (base 16) to base 11
-45166
111110011000001111 (base 2) to base 13
8c3b1
Convert -1927d7 (base 15) to base 8.
-4525547
What is 112569 (base 10) in base 13?
3c312
1000010000000010110 (base 2) to base 16
42016
What is 10010110100011011111 (base 2) in base 13?
1878c3
What is -222021122 (base 3) in base 10?
-19160
What is 10544214 (base 6) in base 13?
b4b9b
What is 44033031 (base 5) in base 12?
1623aa
Convert -841443 (base 11) to base 14.
-2717b4
Convert 1133466 (base 9) to base 10.
612744
What is 33a55b (base 12) in base 4?
3021312113
Convert 201013011 (base 4) to base 5.
13314441
What is -662396 (base 10) in base 7?
-5426